
What is 38 + -41 + 9 + -1 + -1?
4
-4 + (5 - 3) - -5
3
Evaluate 12 - (-11 - -10) - 6.
7
What is -3 + (-3 + 7 - (1 + 2))?
-2
Evaluate -2 - (1 + -1 + 3).
-5
What is the value of 10 + -2 + (-3 - -7) + -11?
1
What is the value of -10 + 12 + (-5 - (-1 + 0))?
-2
What is (0 - -1) + -9 + (17 - 13)?
-4
Evaluate 41 + -33 - (9 - -2).
-3
What is -1 + -5 + 1 - -11 - -2?
8
Calculate 5 + -7 - (2 + -6 - -2).
0
What is the value of 5 + (2 - 5) - (-14 - -11)?
5
What is 7 - -1 - (45 - 37)?
0
-9 - (-4 + 6 - 6)
-5
(8 - (-4 + 7)) + -1
4
What is 10 - (5 + (-6 - -1))?
10
What is 16 + -27 - (-4 + 1 - 0)?
-8
What is (-2 - -6) + 1 + (125 - 121)?
9
Evaluate -1 + -2 + 8 + -4 + -2.
-1
-1 + 0 - -6 - 5
0
Evaluate 7 - (13 - (3 + -2)).
-5
Calculate -9 - (-29 - -6 - -8).
6
1 - (-1 + 2) - 1
-1
Calculate 2 + (0 + 6 - -1) + -1.
8
Evaluate -2 - (-1 + -2 + (21 - 15)).
-5
Evaluate 6 + 2 + -2 + -10 + -2.
-6
Evaluate 11 + -6 + 7 + (0 - 4).
8
What is the value of -2 - -2 - 4 - (1 + -9)?
4
-3 + 2 - (3 + -4 + 3)
-3
0 - (8 + (-14 - 4))
10
Calculate 1 - (6 + -2 - 4).
1
12 + -10 - (-4 + 11)
-5
What is 8 + (7 - (17 - 7))?
5
What is the value of 6 + -3 - (-1 + -2 + 6)?
0
What is (-12 - -5) + 1 - (-11 - -5)?
0
Evaluate -3 + 8 - (2 - 2 - 1).
6
3 - 4 - 2 - -6
3
Calculate -5 + (0 - (-1 + 2)) + 1.
-5
-1 - 8 - (96 + -106)
1
5 - (5 - 4) - (1 - -8)
-5
-7 - ((-3 - 1) + 0 - 0)
-3
What is -9 + (-5 - 3) + 17?
0
What is -9 + 5 + 3 + -5?
-6
Calculate -6 - (-8 + (-1 - -3)).
0
What is -30 + 14 - (-11 + 2)?
-7
(-7 - (2 - 6)) + 8
5
What is 1 - (2 + 7 + -5)?
-3
Calculate -10 - -12 - 10 - -8.
0
What is 4 + (1 - 1) - (132 + -137)?
9
What is -4 + -1 - -2 - 1?
-4
Calculate (2 - (0 + (-5 - -2))) + 0.
5
0 + 0 - 0 - (17 - 20)
3
Calculate (4 - (-1 + 4)) + 1.
2
What is (35 - 35) + (-1 - (1 - 3))?
1
15 + -4 + (-13 - -3)
1
What is 1 - (-2 - (0 - 2) - 6)?
7
What is -1 + -2 + 2 + 2?
1
What is the value of 9 - 1 - (0 + 4 - -2)?
2
Evaluate 1 + (4 - 8 - -5).
2
Evaluate -6 - (1 + -1 + -3 + 1).
-4
What is 0 + 5 + 3 + (-3 - 0)?
5
5 + -2 - 1 - -2
4
What is the value of (32 - 34) + (-4 - -2 - 1)?
-5
Calculate 2 - 5 - (-4 - (1 + 1)).
3
-10 - 0 - -6 - (-2 - -4)
-6
What is -3 - (12 - (0 - -11))?
-4
What is the value of (15 - (12 + -4)) + (-1 - 3)?
3
What is 10 - 13 - (3 + (2 - 9))?
1
3 - 3 - (0 + 3)
-3
What is the value of (0 - -2 - 9) + 2?
-5
Calculate (9 + -5 - 1) + (-4 - 1).
-2
What is 5 - (-2 + 7 + -1)?
1
Evaluate 0 - (3 - 7 - 2).
6
Calculate 0 + -4 - ((-17 - -10) + 7).
-4
What is 7 + (-6 + -3 - (3 + -7))?
2
What is 3 + -5 + (-15 - -15) - 2?
-4
What is 0 - 10 - (1 - 6)?
-5
2 - (-4 + -1 + -36 + 37)
6
What is the value of -2 - (5 + -4 + 0)?
-3
Calculate 8 + 3 + -11 - (-5 + -2).
7
-13 - ((-4 - 8) + 4)
-5
(-10 - (-5 - 1)) + 1
-3
Evaluate (15 - 1) + -16 - 5.
-7
-3 + -2 + 6 - 7
-6
What is the value of 7 - (4 + (-1 - (0 + 1)))?
5
What is the value of -2 + 0 + (5 - 0)?
3
(0 + 0 - (-9 + 4)) + -1
4
10 + -22 + 10 + 2
0
What is (-2 - 7) + 4 - (-18 - -12)?
1
What is the value of -17 + 15 - (2 - (1 - 1))?
-4
What is the value of (-4 - -9) + (-1 - (10 + -5))?
-1
What is -1 + -6 + (3 - 4)?
-8
Evaluate -4 + 3 + 3 + 3.
5
Evaluate (-6 - -1) + (-23 - -24).
-4
What is -9 - (-10 + 6) - -6?
1
Evaluate 4 + 2 + (-4 - 2).
0
What is 2 + -10 - (-9 + 2)?
-1
-6 + 6 + (6 - 3 - 9)
-6
What is the value of ((3 - 6) + 11 - 5) + 1?
4
What is 1 + (-6 - -1) - (-1 + 0)?
-3
What is -3 + 5 + 13 + -10?
5
What is 5 + -8 + (0 - -2) + 6?
5
What is the value of (-5 + 10 + 3 - 3) + -2?
3
2 + 14 + (-11 - -3)
8
What is the value of 0 - (-4 + (7 - 5))?
2
What is -5 + 6 - ((-2 - 3) + 1)?
5
Evaluate 1 - (0 + (0 + 0 - -4)).
-3
What is -2 + -1 + (0 - 0 - -1)?
-2
What is 7 + -13 + 5 - (-1 - -3)?
-3
Evaluate 4 + -1 - (-2 - -8) - -7.
4
What is the value of -11 + 13 + (1 - -5)?
8
2 - ((2 - (3 - 4)) + 1)
-2
What is the value of -1 + 5 + -1 + -4?
-1
What is the value of -14 + (5 + 3 - 0)?
-6
Evaluate (-1 + 0 - -3) + 0.
2
Calculate (0 - (7 + -15)) + -14.
-6
Calculate -4 - (7 + 1) - -8.
-4
Calculate 8 + -2 - 2 - (1 - 1).
4
Evaluate 1 + (-8 - (-4 + (-1 - -2))).
-4
What is the value of (-10 - 2) + (-4 - (-12 - -3))?
-7
Calculate (4 - (-3 + 5)) + -1 - -4.
5
What is -4 + -1 + 5 + (-37 - -43)?
6
Evaluate 26 + -22 - (8 - -1).
-5
Evaluate -6 + (6 - 3) + (1 - -2).
0
Calculate 0 - -5 - (13 - (-4 - -11)).
-1
1 + -6 - (7 - 5 - 7)
0
(-1 - (2 - 0)) + (-11 - -9)
-5
Calculate 1 + (1 + (-2 - -6) - 5).
1
-5 + (4 - 0) + 8
7
2 - (-2 + 7 + -12)
9
What is the value of (-27 - -31) + (-3 - 1)?
0
What is -5 + 5 - (7 + -5)?
-2
What is 1 - (-2 - 0) - 2?
1
3 + (0 - 0 - -3) + -5
1
Evaluate -6 + 8 + (-2 - -5).
5
(0 - (10 - 12)) + 5 + 0
7
3 + -6 + -1 - -4
0
Evaluate -4 - (-5 - 5) - 6.
0
(2 - (-3 - -10)) + 6
1
Calculate 0 - 0 - (-11 - 12 - -21).
2
Evaluate (3 + -2 + -1 - 3) + 1.
-2
What is -13 + 16 - 1 - (12 + -3)?
-7
0 + -4 + -4 + (2 - -8)
2
10 + -2 + (-1 - 4) + 3
6
-7 + -6 + (2 - -7)
-4
What is (4 - -1) + (-3 - (-5 - -11))?
-4
(-1 + 3 - 0) + -2 + 2
2
Evaluate (8 + -2 - 3) + -6.
-3
Evaluate -21 - (-5 + 2) - -14.
-4
What is the value of (5 - 0) + (0 + 6 - 7)?
4
What is (1 - 5) + 8 + -4?
0
What is (0 - (-1 + -5)) + 0 - 3?
3
Evaluate 6 + -1 + 0 + -6 - -2.
1
Evaluate -1 + (-5 - (-1 + -9) - 2).
2
Evaluate 1 - (-7 - 0 - (-2 - 1)).
5
-1 - 16 - ((0 - 5) + -2)
-10
What is -3 - (2 - 4) - 1?
-2
Calculate 52 + -54 - (-2 + -2).
2
Calculate (3 - 1) + (15 - -1) + -13.
5
What is the value of 58 + -65 + 0 + -2 + 6?
-3
What is the value of -7 - -2 - (-1 - -5) - -5?
-4
Evaluate (-4 - -3) + (2 - (-1 + 3)).
-1
What is the value of -1 + -6 + -2 + 11?
2
Evaluate 5 + (1 - 5) + 6 + -7.
0
Calculate 0 - -11 - 1 - (9 - 3).
4
3 + -7 + 3 + 0 + 7
6
What is the value of 0 - (7 + 3 + -5 + -2)?
-3
(0 - 2) + (23 - 24)
-3
Evaluate 0 + -6 + 12 + -4.
2
Evaluate 2 + 0 + 1 - 3.
0
Calculate 2 + -4 + -4 + -1 + 6.
-1
What is the value of 5 + (-5 - (5 + -9))?
4
What is the value of 0 + 0 + 10 + -7?
3
6 - 3 - (-3 - -8)
-2
What is the value of 0 - ((5 - 5) + 4)?
-4
Evaluate (-3 - -5 - (-5 - -2)) + -8.
-3
What is the value of -4 - (-6 - (2 + -1))?
3
What is the value of 1 - (-5 - (-1 + -3)) - 7?
-5
(3 - -1 - (27 - 21)) + -5
-7
-5 + (-4 - -2 - -2 - -2)
-3
-3 + -1 + 4 + 1 + -2
-1
Evaluate 0 + (-2 - (-4 + -3)) + -5.
0
What is the value of 5 + -2 + -7 - 3?
-7
(5 - 2 - -2) + -6
-1
What is 6 - (4 - (-1 + (-5 - -5)))?
1
What is -1 + -3 + -4 + 5?
-3
What is the value of -15 + 21 + -7 + 0?
-1
Calculate -2 - (-8 + (-2 - -7)).
1
What is the value of -1 + -6 + 14 - 3?
4
Evaluate (0 - 2) + -1 + 1 - -5.
3
Calculate -6 + 0 - 3 - -18.
9
(2 - 1) + (5 + -14 - -4)
-4
What is the value of (-1 - -2) + 3 - (10 + -7)?
1
3 + 8 - 2 - (2 + 3)
4
Evaluate 2 + (4 - 9) + -2.
-5
What is the value of 2 + -1 + 27 + -28?
0
1 - 0 - (-4 - -5)
0
Calculate (0 - (-3 - (-11 + 4))) + 2.
-2
What is -11 + -9 + 10 - -4?
-6
What is the value of -9 - ((-6 + 1 - 0) + 3)?
-7
Calculate (-13 - -2) + (-3 - -6).
-8
Evaluate (-18 - (-5 + -8)) + (0 - -1).
-4
Calculate -4 + (-2 - -8) + -13 + 11.
0
What is the value of -9 + 13 + -10 + 0?
-6
4 + -1 - (4 - (2 - 6))
-5
What is the value of -1 + -4 + (-116 - -117)?
-4
Evaluate -9 - (-3 + -1 - 0 - -2).
-7
What is the value of 6 + -10 + 4 + (1 - 6)?
-5
What is the value of (3 - 5 - 1) + 1?
-2
What is -3 - (-9 + -3 + 7)?
2
-3 + 16 + -4 + -4
5
Calculate 2 + -6 + (11 - 7).
0
Calculate -2 + (4 - 1 - 4 - -6).
3
What is the value of (15 + -11 - (-2 - -1)) + 0?
5
What is -1 + 1 - (-3 - (-3 + 0))?
0
Evaluate (11 - (10 - -4)) + 1 + -4.
-6
What is the value of (-1 - (0 - 1) - 5) + -1?
-6
Calculate -1 + -3 - -4 - 4.
-4
What is -6 - (-1 - 4) - (3 - 0)?
-4
Evaluate (3 - -2 - 2) + (6 - 4).
5
0 + -2 + -3 + 4 + -5
-6
Evaluate -10 + (2 - (-3 + 5 + -5)).
-5
-1 - ((-5 - -5) + -6)
5
4 - (4 - (10 + -3))
7
Evaluate -5 + (-3 - -2) + 6 + -1.
-1
1 - -15 - 11 - 10
-5
Calculate -3 + 1 - (-68 + 66) - 1.
-1
What is -3 - (-7 + 1 - -1)?
2
What is the value of 4 + 2 + (-5 - -1) + -4?
-2
-5 + (2 - -3) + 1
1
What is 0 + (-5 - (0 + -9))?
4
4 - (-1 + -2 + 5)
2
Evaluate (-10 - (1 + -12)) + (-3 - 3).
-5
What is the value of (-7 - -8 - -14) + -8 - 0?
7
Calculate -7 + 4 + -6 + 2.
-7
What is (9 + -5 - (2 - -1)) + 0?
1
5 + (-11 - (1 + 0))
-7
What is the value of -11 + 8 + -3 + 10?
4
-6 - ((7 - 14) + 7 - 5)
-1
What is -3 - -2 - (-4 + 8)?
-5
Calculate -6 + (-3 - (-2 + -2)).
-5
Evaluate -5 - (4 + -13 + (-7 - -11)).
0
